{"id":3794,"date":"2025-05-27T12:02:52","date_gmt":"2025-05-27T10:02:52","guid":{"rendered":"https:\/\/www.meyer-sports.com\/produkt\/2inone-kompressionsweste\/"},"modified":"2026-04-11T11:25:11","modified_gmt":"2026-04-11T09:25:11","slug":"2inone-kompressionsweste","status":"publish","type":"product","link":"https:\/\/www.meyer-sports.com\/de\/produkt\/2inone-kompressionsweste\/","title":{"rendered":"2inOne-Kompressionsweste"},"content":{"rendered":"<ul>\n<li>Innovative, gepolsterte Kompressionsweste f\u00fcr perfekten Sitz<\/li>\n<li>Erweiterte L\u00e4nge der Weste, die die Rippen vollst\u00e4ndig bedeckt und sch\u00fctzt<\/li>\n<li>Kombiniert mit 2inOne Au\u00dfenschale aus Carbon oder Polyethylen f\u00fcr maximale Mobilit\u00e4t und Schutz<\/li>\n<li>Die Weste kann auch separat w\u00e4hrend des kontaktlosen Trainings getragen werden<\/li>\n<li>Muss mit der passenden Au\u00dfenschale kombiniert werden\n<ul>\n<li><strong><a href=\"https:\/\/www.meyer-sports.com\/produkt\/2inone-poly-shell\/\" target=\"_blank\" rel=\"noopener\">2INONE Poly-Schale<\/a><\/strong><\/li>\n<li><strong><a href=\"https:\/\/www.meyer-sports.com\/produkt\/2inone-carbon-shell\/\" target=\"_blank\" rel=\"noopener\">2INONE Carbon-Schale<\/a><\/strong><\/li>\n<li><a href=\"https:\/\/www.meyer-sports.com\/produkt\/2inone-carbon-shell-screws\/\" target=\"_blank\" rel=\"noopener\"><strong>2INONE Carbon Schale mit Schrauben<\/strong><\/a><\/li>\n<\/ul>\n<\/li>\n<\/ul>\n","protected":false},"excerpt":{"rendered":"<p>Innovative, gepolsterte Kompressionsweste f\u00fcr perfekten Sitz Erweiterte L\u00e4nge der Weste, die die Rippen vollst\u00e4ndig bedeckt und sch\u00fctzt Kombiniert mit 2inOne Au\u00dfenschale aus Carbon oder Polyethylen f\u00fcr maximale Mobilit\u00e4t und Schutz Die Weste kann auch separat w\u00e4hrend des kontaktlosen Trainings getragen werden Muss mit der passenden Au\u00dfenschale kombiniert werden 2INONE Poly-Schale 2INONE Carbon-Schale 2INONE Carbon Schale [&hellip;]<\/p>\n","protected":false},"featured_media":3230,"comment_status":"open","ping_status":"closed","template":"","meta":{"_acf_changed":false},"product_brand":[386],"product_cat":[317,330,263,318],"product_tag":[],"class_list":{"0":"post-3794","1":"product","2":"type-product","3":"status-publish","4":"has-post-thumbnail","6":"product_brand-2inone","7":"product_cat-erwachsene","8":"product_cat-american-football-de","9":"product_cat-shoulder-pads-de","10":"product_cat-jugend","12":"first","13":"instock","14":"taxable","15":"shipping-taxable","16":"purchasable","17":"product-type-variable"},"acf":[],"yoast_head":"<!-- This site is optimized with the Yoast SEO plugin v27.1.1 - https:\/\/yoast.com\/product\/yoast-seo-wordpress\/ -->\n<title>2inOne-Kompressionsweste - Meyer Sports<\/title>\n<meta name=\"robots\" content=\"index, follow, max-snippet:-1, max-image-preview:large, max-video-preview:-1\" \/>\n<link rel=\"canonical\" href=\"https:\/\/www.meyer-sports.com\/de\/produkt\/2inone-kompressionsweste\/\" \/>\n<meta property=\"og:locale\" content=\"de_DE\" \/>\n<meta property=\"og:type\" content=\"article\" \/>\n<meta property=\"og:title\" content=\"2inOne-Kompressionsweste - Meyer Sports\" \/>\n<meta property=\"og:description\" content=\"Innovative, gepolsterte Kompressionsweste f\u00fcr perfekten Sitz Erweiterte L\u00e4nge der Weste, die die Rippen vollst\u00e4ndig bedeckt und sch\u00fctzt Kombiniert mit 2inOne Au\u00dfenschale aus Carbon oder Polyethylen f\u00fcr maximale Mobilit\u00e4t und Schutz Die Weste kann auch separat w\u00e4hrend des kontaktlosen Trainings getragen werden Muss mit der passenden Au\u00dfenschale kombiniert werden 2INONE Poly-Schale 2INONE Carbon-Schale 2INONE Carbon Schale [&hellip;]\" \/>\n<meta property=\"og:url\" content=\"https:\/\/www.meyer-sports.com\/de\/produkt\/2inone-kompressionsweste\/\" \/>\n<meta property=\"og:site_name\" content=\"Meyer Sports\" \/>\n<meta property=\"article:publisher\" content=\"https:\/\/www.facebook.com\/profile.php?id=100083396525976\" \/>\n<meta property=\"article:modified_time\" content=\"2026-04-11T09:25:11+00:00\" \/>\n<meta property=\"og:image\" content=\"https:\/\/www.meyer-sports.com\/wp-content\/uploads\/2025\/05\/Vest_1-scaled.jpg\" \/>\n\t<meta property=\"og:image:width\" content=\"2560\" \/>\n\t<meta property=\"og:image:height\" content=\"2191\" \/>\n\t<meta property=\"og:image:type\" content=\"image\/jpeg\" \/>\n<meta name=\"twitter:card\" content=\"summary_large_image\" \/>\n<script type=\"application\/ld+json\" class=\"yoast-schema-graph\">{\"@context\":\"https:\/\/schema.org\",\"@graph\":[{\"@type\":\"WebPage\",\"@id\":\"https:\/\/www.meyer-sports.com\/de\/produkt\/2inone-kompressionsweste\/\",\"url\":\"https:\/\/www.meyer-sports.com\/de\/produkt\/2inone-kompressionsweste\/\",\"name\":\"2inOne-Kompressionsweste - Meyer Sports\",\"isPartOf\":{\"@id\":\"https:\/\/www.meyer-sports.com\/de\/#website\"},\"primaryImageOfPage\":{\"@id\":\"https:\/\/www.meyer-sports.com\/de\/produkt\/2inone-kompressionsweste\/#primaryimage\"},\"image\":{\"@id\":\"https:\/\/www.meyer-sports.com\/de\/produkt\/2inone-kompressionsweste\/#primaryimage\"},\"thumbnailUrl\":\"https:\/\/www.meyer-sports.com\/wp-content\/uploads\/2025\/05\/Vest_1-scaled.jpg\",\"datePublished\":\"2025-05-27T10:02:52+00:00\",\"dateModified\":\"2026-04-11T09:25:11+00:00\",\"breadcrumb\":{\"@id\":\"https:\/\/www.meyer-sports.com\/de\/produkt\/2inone-kompressionsweste\/#breadcrumb\"},\"inLanguage\":\"de\",\"potentialAction\":[{\"@type\":\"ReadAction\",\"target\":[\"https:\/\/www.meyer-sports.com\/de\/produkt\/2inone-kompressionsweste\/\"]}]},{\"@type\":\"ImageObject\",\"inLanguage\":\"de\",\"@id\":\"https:\/\/www.meyer-sports.com\/de\/produkt\/2inone-kompressionsweste\/#primaryimage\",\"url\":\"https:\/\/www.meyer-sports.com\/wp-content\/uploads\/2025\/05\/Vest_1-scaled.jpg\",\"contentUrl\":\"https:\/\/www.meyer-sports.com\/wp-content\/uploads\/2025\/05\/Vest_1-scaled.jpg\",\"width\":2560,\"height\":2191},{\"@type\":\"BreadcrumbList\",\"@id\":\"https:\/\/www.meyer-sports.com\/de\/produkt\/2inone-kompressionsweste\/#breadcrumb\",\"itemListElement\":[{\"@type\":\"ListItem\",\"position\":1,\"name\":\"Home\",\"item\":\"https:\/\/www.meyer-sports.com\/de\/\"},{\"@type\":\"ListItem\",\"position\":2,\"name\":\"Shop\",\"item\":\"https:\/\/www.meyer-sports.com\/de\/shop\/\"},{\"@type\":\"ListItem\",\"position\":3,\"name\":\"2inOne-Kompressionsweste\"}]},{\"@type\":\"WebSite\",\"@id\":\"https:\/\/www.meyer-sports.com\/de\/#website\",\"url\":\"https:\/\/www.meyer-sports.com\/de\/\",\"name\":\"Meyer Sports\",\"description\":\"American Football Equipment \u2013 Helmets, Shoulder Pads &amp; Gear\",\"publisher\":{\"@id\":\"https:\/\/www.meyer-sports.com\/de\/#organization\"},\"alternateName\":\"Meyer Marketing\",\"potentialAction\":[{\"@type\":\"SearchAction\",\"target\":{\"@type\":\"EntryPoint\",\"urlTemplate\":\"https:\/\/www.meyer-sports.com\/de\/?s={search_term_string}\"},\"query-input\":{\"@type\":\"PropertyValueSpecification\",\"valueRequired\":true,\"valueName\":\"search_term_string\"}}],\"inLanguage\":\"de\"},{\"@type\":\"Organization\",\"@id\":\"https:\/\/www.meyer-sports.com\/de\/#organization\",\"name\":\"Meyer Sports\",\"url\":\"https:\/\/www.meyer-sports.com\/de\/\",\"logo\":{\"@type\":\"ImageObject\",\"inLanguage\":\"de\",\"@id\":\"https:\/\/www.meyer-sports.com\/de\/#\/schema\/logo\/image\/\",\"url\":\"https:\/\/www.meyer-sports.com\/wp-content\/uploads\/2025\/08\/cropped-MeyerSports-Wort-Bild-Marke-RGB-Black-Horizontal-2000px.png\",\"contentUrl\":\"https:\/\/www.meyer-sports.com\/wp-content\/uploads\/2025\/08\/cropped-MeyerSports-Wort-Bild-Marke-RGB-Black-Horizontal-2000px.png\",\"width\":1999,\"height\":263,\"caption\":\"Meyer Sports\"},\"image\":{\"@id\":\"https:\/\/www.meyer-sports.com\/de\/#\/schema\/logo\/image\/\"},\"sameAs\":[\"https:\/\/www.facebook.com\/profile.php?id=100083396525976\"]}]}<\/script>\n<!-- \/ Yoast SEO plugin. -->","yoast_head_json":{"title":"2inOne-Kompressionsweste - Meyer Sports","robots":{"index":"index","follow":"follow","max-snippet":"max-snippet:-1","max-image-preview":"max-image-preview:large","max-video-preview":"max-video-preview:-1"},"canonical":"https:\/\/www.meyer-sports.com\/de\/produkt\/2inone-kompressionsweste\/","og_locale":"de_DE","og_type":"article","og_title":"2inOne-Kompressionsweste - Meyer Sports","og_description":"Innovative, gepolsterte Kompressionsweste f\u00fcr perfekten Sitz Erweiterte L\u00e4nge der Weste, die die Rippen vollst\u00e4ndig bedeckt und sch\u00fctzt Kombiniert mit 2inOne Au\u00dfenschale aus Carbon oder Polyethylen f\u00fcr maximale Mobilit\u00e4t und Schutz Die Weste kann auch separat w\u00e4hrend des kontaktlosen Trainings getragen werden Muss mit der passenden Au\u00dfenschale kombiniert werden 2INONE Poly-Schale 2INONE Carbon-Schale 2INONE Carbon Schale [&hellip;]","og_url":"https:\/\/www.meyer-sports.com\/de\/produkt\/2inone-kompressionsweste\/","og_site_name":"Meyer Sports","article_publisher":"https:\/\/www.facebook.com\/profile.php?id=100083396525976","article_modified_time":"2026-04-11T09:25:11+00:00","og_image":[{"width":2560,"height":2191,"url":"https:\/\/www.meyer-sports.com\/wp-content\/uploads\/2025\/05\/Vest_1-scaled.jpg","type":"image\/jpeg"}],"twitter_card":"summary_large_image","schema":{"@context":"https:\/\/schema.org","@graph":[{"@type":"WebPage","@id":"https:\/\/www.meyer-sports.com\/de\/produkt\/2inone-kompressionsweste\/","url":"https:\/\/www.meyer-sports.com\/de\/produkt\/2inone-kompressionsweste\/","name":"2inOne-Kompressionsweste - Meyer Sports","isPartOf":{"@id":"https:\/\/www.meyer-sports.com\/de\/#website"},"primaryImageOfPage":{"@id":"https:\/\/www.meyer-sports.com\/de\/produkt\/2inone-kompressionsweste\/#primaryimage"},"image":{"@id":"https:\/\/www.meyer-sports.com\/de\/produkt\/2inone-kompressionsweste\/#primaryimage"},"thumbnailUrl":"https:\/\/www.meyer-sports.com\/wp-content\/uploads\/2025\/05\/Vest_1-scaled.jpg","datePublished":"2025-05-27T10:02:52+00:00","dateModified":"2026-04-11T09:25:11+00:00","breadcrumb":{"@id":"https:\/\/www.meyer-sports.com\/de\/produkt\/2inone-kompressionsweste\/#breadcrumb"},"inLanguage":"de","potentialAction":[{"@type":"ReadAction","target":["https:\/\/www.meyer-sports.com\/de\/produkt\/2inone-kompressionsweste\/"]}]},{"@type":"ImageObject","inLanguage":"de","@id":"https:\/\/www.meyer-sports.com\/de\/produkt\/2inone-kompressionsweste\/#primaryimage","url":"https:\/\/www.meyer-sports.com\/wp-content\/uploads\/2025\/05\/Vest_1-scaled.jpg","contentUrl":"https:\/\/www.meyer-sports.com\/wp-content\/uploads\/2025\/05\/Vest_1-scaled.jpg","width":2560,"height":2191},{"@type":"BreadcrumbList","@id":"https:\/\/www.meyer-sports.com\/de\/produkt\/2inone-kompressionsweste\/#breadcrumb","itemListElement":[{"@type":"ListItem","position":1,"name":"Home","item":"https:\/\/www.meyer-sports.com\/de\/"},{"@type":"ListItem","position":2,"name":"Shop","item":"https:\/\/www.meyer-sports.com\/de\/shop\/"},{"@type":"ListItem","position":3,"name":"2inOne-Kompressionsweste"}]},{"@type":"WebSite","@id":"https:\/\/www.meyer-sports.com\/de\/#website","url":"https:\/\/www.meyer-sports.com\/de\/","name":"Meyer Sports","description":"American Football Equipment \u2013 Helmets, Shoulder Pads &amp; Gear","publisher":{"@id":"https:\/\/www.meyer-sports.com\/de\/#organization"},"alternateName":"Meyer Marketing","potentialAction":[{"@type":"SearchAction","target":{"@type":"EntryPoint","urlTemplate":"https:\/\/www.meyer-sports.com\/de\/?s={search_term_string}"},"query-input":{"@type":"PropertyValueSpecification","valueRequired":true,"valueName":"search_term_string"}}],"inLanguage":"de"},{"@type":"Organization","@id":"https:\/\/www.meyer-sports.com\/de\/#organization","name":"Meyer Sports","url":"https:\/\/www.meyer-sports.com\/de\/","logo":{"@type":"ImageObject","inLanguage":"de","@id":"https:\/\/www.meyer-sports.com\/de\/#\/schema\/logo\/image\/","url":"https:\/\/www.meyer-sports.com\/wp-content\/uploads\/2025\/08\/cropped-MeyerSports-Wort-Bild-Marke-RGB-Black-Horizontal-2000px.png","contentUrl":"https:\/\/www.meyer-sports.com\/wp-content\/uploads\/2025\/08\/cropped-MeyerSports-Wort-Bild-Marke-RGB-Black-Horizontal-2000px.png","width":1999,"height":263,"caption":"Meyer Sports"},"image":{"@id":"https:\/\/www.meyer-sports.com\/de\/#\/schema\/logo\/image\/"},"sameAs":["https:\/\/www.facebook.com\/profile.php?id=100083396525976"]}]}},"_links":{"self":[{"href":"https:\/\/www.meyer-sports.com\/de\/wp-json\/wp\/v2\/product\/3794","targetHints":{"allow":["GET"]}}],"collection":[{"href":"https:\/\/www.meyer-sports.com\/de\/wp-json\/wp\/v2\/product"}],"about":[{"href":"https:\/\/www.meyer-sports.com\/de\/wp-json\/wp\/v2\/types\/product"}],"replies":[{"embeddable":true,"href":"https:\/\/www.meyer-sports.com\/de\/wp-json\/wp\/v2\/comments?post=3794"}],"wp:featuredmedia":[{"embeddable":true,"href":"https:\/\/www.meyer-sports.com\/de\/wp-json\/wp\/v2\/media\/3230"}],"wp:attachment":[{"href":"https:\/\/www.meyer-sports.com\/de\/wp-json\/wp\/v2\/media?parent=3794"}],"wp:term":[{"taxonomy":"product_brand","embeddable":true,"href":"https:\/\/www.meyer-sports.com\/de\/wp-json\/wp\/v2\/product_brand?post=3794"},{"taxonomy":"product_cat","embeddable":true,"href":"https:\/\/www.meyer-sports.com\/de\/wp-json\/wp\/v2\/product_cat?post=3794"},{"taxonomy":"product_tag","embeddable":true,"href":"https:\/\/www.meyer-sports.com\/de\/wp-json\/wp\/v2\/product_tag?post=3794"}],"curies":[{"name":"wp","href":"https:\/\/api.w.org\/{rel}","templated":true}]}}

<ul>
<li>Innovative, gepolsterte Kompressionsweste für perfekten Sitz</li>
<li>Erweiterte Länge der Weste, die die Rippen vollständig bedeckt und schützt</li>
<li>Kombiniert mit 2inOne Außenschale aus Carbon oder Polyethylen für maximale Mobilität und Schutz</li>
<li>Die Weste kann auch separat während des kontaktlosen Trainings getragen werden</li>
<li>Muss mit der passenden Außenschale kombiniert werden
<ul>
<li><strong><a href="https://www.meyer-sports.com/produkt/2inone-poly-shell/" target="_blank" rel="noopener">2INONE Poly-Schale</a></strong></li>
<li><strong><a href="https://www.meyer-sports.com/produkt/2inone-carbon-shell/" target="_blank" rel="noopener">2INONE Carbon-Schale</a></strong></li>
<li><a href="https://www.meyer-sports.com/produkt/2inone-carbon-shell-screws/" target="_blank" rel="noopener"><strong>2INONE Carbon Schale mit Schrauben</strong></a></li>
</ul>
</li>
</ul>

<p>Innovative, gepolsterte Kompressionsweste für perfekten Sitz Erweiterte Länge der Weste, die die Rippen vollständig bedeckt und schützt Kombiniert mit 2inOne Außenschale aus Carbon oder Polyethylen für maximale Mobilität und Schutz Die Weste kann auch separat während des kontaktlosen Trainings getragen werden Muss mit der passenden Außenschale kombiniert werden 2INONE Poly-Schale 2INONE Carbon-Schale 2INONE Carbon Schale [&hellip;]</p>

<!-- This site is optimized with the Yoast SEO plugin v27.1.1 - https://yoast.com/product/yoast-seo-wordpress/ -->
<title>2inOne-Kompressionsweste - Meyer Sports</title>
<meta name="robots" content="index, follow, max-snippet:-1, max-image-preview:large, max-video-preview:-1" />
<link rel="canonical" href="https://www.meyer-sports.com/de/produkt/2inone-kompressionsweste/" />
<meta property="og:locale" content="de_DE" />
<meta property="og:type" content="article" />
<meta property="og:title" content="2inOne-Kompressionsweste - Meyer Sports" />
<meta property="og:description" content="Innovative, gepolsterte Kompressionsweste für perfekten Sitz Erweiterte Länge der Weste, die die Rippen vollständig bedeckt und schützt Kombiniert mit 2inOne Außenschale aus Carbon oder Polyethylen für maximale Mobilität und Schutz Die Weste kann auch separat während des kontaktlosen Trainings getragen werden Muss mit der passenden Außenschale kombiniert werden 2INONE Poly-Schale 2INONE Carbon-Schale 2INONE Carbon Schale [&hellip;]" />
<meta property="og:url" content="https://www.meyer-sports.com/de/produkt/2inone-kompressionsweste/" />
<meta property="og:site_name" content="Meyer Sports" />
<meta property="article:publisher" content="https://www.facebook.com/profile.php?id=100083396525976" />
<meta property="article:modified_time" content="2026-04-11T09:25:11+00:00" />
<meta property="og:image" content="https://www.meyer-sports.com/wp-content/uploads/2025/05/Vest_1-scaled.jpg" />
	<meta property="og:image:width" content="2560" />
	<meta property="og:image:height" content="2191" />
	<meta property="og:image:type" content="image/jpeg" />
<meta name="twitter:card" content="summary_large_image" />
<script type="application/ld+json" class="yoast-schema-graph">{"@context":"https://schema.org","@graph":[{"@type":"WebPage","@id":"https://www.meyer-sports.com/de/produkt/2inone-kompressionsweste/","url":"https://www.meyer-sports.com/de/produkt/2inone-kompressionsweste/","name":"2inOne-Kompressionsweste - Meyer Sports","isPartOf":{"@id":"https://www.meyer-sports.com/de/#website"},"primaryImageOfPage":{"@id":"https://www.meyer-sports.com/de/produkt/2inone-kompressionsweste/#primaryimage"},"image":{"@id":"https://www.meyer-sports.com/de/produkt/2inone-kompressionsweste/#primaryimage"},"thumbnailUrl":"https://www.meyer-sports.com/wp-content/uploads/2025/05/Vest_1-scaled.jpg","datePublished":"2025-05-27T10:02:52+00:00","dateModified":"2026-04-11T09:25:11+00:00","breadcrumb":{"@id":"https://www.meyer-sports.com/de/produkt/2inone-kompressionsweste/#breadcrumb"},"inLanguage":"de","potentialAction":[{"@type":"ReadAction","target":["https://www.meyer-sports.com/de/produkt/2inone-kompressionsweste/"]}]},{"@type":"ImageObject","inLanguage":"de","@id":"https://www.meyer-sports.com/de/produkt/2inone-kompressionsweste/#primaryimage","url":"https://www.meyer-sports.com/wp-content/uploads/2025/05/Vest_1-scaled.jpg","contentUrl":"https://www.meyer-sports.com/wp-content/uploads/2025/05/Vest_1-scaled.jpg","width":2560,"height":2191},{"@type":"BreadcrumbList","@id":"https://www.meyer-sports.com/de/produkt/2inone-kompressionsweste/#breadcrumb","itemListElement":[{"@type":"ListItem","position":1,"name":"Home","item":"https://www.meyer-sports.com/de/"},{"@type":"ListItem","position":2,"name":"Shop","item":"https://www.meyer-sports.com/de/shop/"},{"@type":"ListItem","position":3,"name":"2inOne-Kompressionsweste"}]},{"@type":"WebSite","@id":"https://www.meyer-sports.com/de/#website","url":"https://www.meyer-sports.com/de/","name":"Meyer Sports","description":"American Football Equipment – Helmets, Shoulder Pads &amp; Gear","publisher":{"@id":"https://www.meyer-sports.com/de/#organization"},"alternateName":"Meyer Marketing","potentialAction":[{"@type":"SearchAction","target":{"@type":"EntryPoint","urlTemplate":"https://www.meyer-sports.com/de/?s={search_term_string}"},"query-input":{"@type":"PropertyValueSpecification","valueRequired":true,"valueName":"search_term_string"}}],"inLanguage":"de"},{"@type":"Organization","@id":"https://www.meyer-sports.com/de/#organization","name":"Meyer Sports","url":"https://www.meyer-sports.com/de/","logo":{"@type":"ImageObject","inLanguage":"de","@id":"https://www.meyer-sports.com/de/#/schema/logo/image/","url":"https://www.meyer-sports.com/wp-content/uploads/2025/08/cropped-MeyerSports-Wort-Bild-Marke-RGB-Black-Horizontal-2000px.png","contentUrl":"https://www.meyer-sports.com/wp-content/uploads/2025/08/cropped-MeyerSports-Wort-Bild-Marke-RGB-Black-Horizontal-2000px.png","width":1999,"height":263,"caption":"Meyer Sports"},"image":{"@id":"https://www.meyer-sports.com/de/#/schema/logo/image/"},"sameAs":["https://www.facebook.com/profile.php?id=100083396525976"]}]}</script>
<!-- / Yoast SEO plugin. -->

Innovative, gepolsterte Kompressionsweste für perfekten Sitz Erweiterte Länge der Weste, die die Rippen vollständig bedeckt und schützt Kombiniert mit 2inOne Außenschale aus Carbon oder Polyethylen für maximale Mobilität und Schutz Die Weste kann auch separat während des kontaktlosen Trainings getragen werden Muss mit der passenden Außenschale kombiniert werden 2INONE Poly-Schale 2INONE Carbon-Schale 2INONE Carbon Schale [&hellip;]
